-7 + (11 - 10)?
7, 5483
Let m(f) = f**2 + 3. Let q be (-54)/18 + (2 - 1) + 4. Let o be m(q). What are the prime factors of (4 - o/(-2))/((-1)/(-4))?
2, 3, 5
Suppose -4*t = 2*u + 10, -3*u = 3*t - 0*u + 15. Suppose -z - 2*z + 15 = 0. Suppose t = l - z*l + 692. What are the prime factors of l?
173
Let g be (-22)/(-110) - (-59)/5. What are the prime factors of (2/g*530)/(2/18)?
3, 5, 53
Suppose 13*k = 31*k + 5*u - 259554, -2*k + 3*u + 28818 = 0. What are the prime factors of k?
2, 3, 89
Let c = -1179 - -2516. Let b = c - 605. List the prime factors of b.
2, 3, 61
Let p(h) = -h**2. Let r(u) = -25*u**2 - 6*u + 19. Let l(i) = -3*p(i) + r(i). Let c be l(5). Let z = -337 - c. What are the prime factors of z?
2, 7
Let x(c) = 2*c**2 + 6*c - 12. Let p be x(2). List the prime factors of 6/p - 1145/(-4).
7, 41
Suppose 15*b = 5*b - 68880. What are the prime factors of b/(-13) + (56/(-91))/(-4)?
2, 5, 53
Let c(r) = -1653*r - 4482. What are the prime factors of c(-26)?
2, 3, 401
Suppose 4*u + 3*a + 12 = u, 2*a = -8. Suppose 0 = -3*r, 2*x + 5*r = -u*x + 1208. What are the prime factors of x?
2, 151
Suppose -68 = -c + 4*s - 0*s, 272 = 4*c + 4*s. Let k = 243 - 123. Let u = k - c. List the prime factors of u.
2, 13
Let s(d) = -567*d + 210. Let q(t) = 284*t - 105. Let v(u) = 5*q(u) + 2*s(u). What are the prime factors of v(2)?
467
Let w(b) = -3*b**2 + 120*b + 172. List the prime factors of w(21).
37
Let k(x) = -1578*x - 1934. List the prime factors of k(-6).
2, 3767
Suppose -2*p - 5*q = -19, -3 = -q - 0. Let l(a) = -6*a**2 + 4*a**p + 6*a**2 - 2*a + 6*a**2 - 3. List the prime factors of l(4).
149
Suppose -s + 2*m = 22, 2*s + 3*m - 117 = 7*s. Let a = s + 160. List the prime factors of a - ((5 - 5) + -2).
2, 3, 23
Let l(b) = 2*b**3 - 3*b**2 + 7*b - 4. Let u be l(5). Let q = -27168 + 27221. Suppose u + q = h. List the prime factors of h.
7, 37
Suppose 37 = g + 34. Suppose g*k = 2*b - 203, -5*b + 139 = -4*k - 134. Let f = k - -152. List the prime factors of f.
5, 17
Suppose -4*b = -g + 66563, -571*b = -5*g - 568*b + 332951. List the prime factors of g.
5, 19, 701
Let v(y) = -y**3 + 17*y**2 - 3*y - 26. Let k be v(8). Let f = -230 + k. List the prime factors of f.
2, 37
Let c(o) = -3*o**2 - 26*o + 92. Let s be c(-11). Let g be (-1)/(((-1)/(-3))/(-1)). Let f = g + s. List the prime factors of f.
2, 3
Suppose 0 = 2*m - d - 9720, -4*m + 19428 = -18*d + 22*d. List the prime factors of m.
43, 113
Let f(g) = -g**3 - 10*g**2 + 18*g + 16. Let u be f(-12). Let r = u - 86. Suppose 0*z - 123 = -3*z - r*q, 3*z = -4*q + 123. What are the prime factors of z?
41
Suppose 0 = 5*n - j + 6*j - 635, -3*j - 351 = -3*n. Suppose -6*f + 2*l = -3*f - 86, l - n = -4*f. What are the prime factors of f?
2, 3, 5
Let u be (-1 + -32)*(-2)/(-3). List the prime factors of 4/u + (-6876)/(-66).
2, 13
Suppose 0 = 5*f - 5*w + 180, -5*f - 104 = -2*f - 4*w. What are the prime factors of (-60)/f*(-4)/6*-982?
2, 491
Suppose -3*q - 282 = u - 4*u, 5*q = 0. Let b(s) = -48*s + 336. Let n be b(7). What are the prime factors of 0/3 + u + n?
2, 47
Suppose 0 = -2*i + 3*i - 2*j - 105, -i = -3*j - 100. Suppose -25 = 5*q - i. List the prime factors of q.
2, 3
Let n(j) = 2*j + 1. Suppose -5*p = -p - 4, 14 = -4*u + 2*p. Let h be n(u). Let x(k) = -k**3 + 4*k + 6. What are the prime factors of x(h)?
3, 37
Let t = 4367 + -1026. What are the prime factors of t?
13, 257
Let i be (92/230)/((-2)/(-90)). Suppose i*q - 7494 = -1608. List the prime factors of q.
3, 109
Let m(f) = 218*f + 44. Let q be m(5). Suppose -q - 180 = -3*b. What are the prime factors of b?
2, 3, 73
Suppose 0 = -k + 5*r - 10257 + 35053, 49601 = 2*k - r. What are the prime factors of k?
3, 7, 1181
Suppose 56*o + 8231 = 66369 + 34094. What are the prime factors of o?
3, 61
Suppose 205*h - 51322 = -5*i + 204*h, -2*h = 2*i - 20524. List the prime factors of i.
5, 2053
Suppose q + 5540 = p - 1687, -3*p = -5*q - 21669. List the prime factors of p.
3, 2411
Suppose 0 = 4*l + 2*z + 8082, -3*l + 4*z = -5*l - 4044. What are the prime factors of 52/78 - l/3?
2, 337
Let d be 30/105 - (-276)/14. Suppose 0 = 9*p - d*p + 21230. Suppose 4*i = -6*i + p. What are the prime factors of i?
193
Let y(a) = 3*a**2 - 4*a - 2. Let m be y(2). Let x be (m - -1) + 178/1. Suppose 0 = 4*h + 2*s - x + 3, -34 = -h - 4*s. List the prime factors of h.
2, 23
Suppose 7*w + 17 = -l + 3*w, -13 = -3*l + 4*w. List the prime factors of (25/5 - l)/((-3)/(-109)).
2, 109
Suppose z = 21 + 18. Let u be ((-34 + 35)/(5/6))/((-4)/(-10)). Suppose 6*q - u*q = z. List the prime factors of q.
13
Let j(b) = -1 + 13*b**2 - b + 7*b + 5 - b**3 + 0*b + 3. Let o = -26 + 39. What are the prime factors of j(o)?
5, 17
Suppose -117*j = -361*j + 8731784. List the prime factors of j.
2, 29, 617
List the prime factors of (11236 - -2) + -155 + 173.
2, 3, 7, 67
Let y be 178/(8/(-6) - -2). Let u = y - -73. List the prime factors of u.
2, 5, 17
What are the prime factors of (2/24)/(47/2113308)?
3, 1249
Let i = -19223 + 29245. What are the prime factors of i?
2, 5011
Suppose -9*g + 24 = 3*g. List the prime factors of (-317 - -6)/(g/(-2)).
311
Let o(d) = -188*d + 3. Let n be o(4). Let t = 1405 + n. List the prime factors of t.
2, 41
Let h = -1922 - -3674. What are the prime factors of h?
2, 3, 73
Suppose 3*f = -2*a - 0*a + 139, -2*a = -4. Let u be -5*(-6)/f + 12/9. What are the prime factors of (-79 + -2)/(-2 - (-2)/u)?
3
Let x = 1220 - 2444. Let g = x - -1867. What are the prime factors of g?
643
Suppose 99*r - 23*r - 449236 = 0. What are the prime factors of r?
23, 257
Suppose -2*d = 13*d. Suppose -20*w + 19*w + 529 = d. List the prime factors of w.
23
Let m(w) = 5*w**2 + 70*w - 679. List the prime factors of m(-67).
2, 3, 1423
Let w(r) be the second derivative of r**4/6 - 3*r**3 + 61*r**2/2 + 2*r - 20. What are the prime factors of w(15)?
241
Suppose 16*s - 21*s - 75 = 0. Let g(w) = -w**2 - 24*w - 40. List the prime factors of g(s).
5, 19
Let x be -1 - 15/(-12) - (-11)/4. Suppose -x*q = 5*k - 309 - 51, 5*q = k + 628. List the prime factors of -3 - (-4 - q) - -2.
2
Suppose -8*p + 137 = -3*p - 3*d, 0 = -3*p - 3*d + 87. Let b be 1/4 - (-3829)/p. Let s = -37 + b. List the prime factors of s.
2, 5
Suppose 29519 = 8*d - 42673. What are the prime factors of d?
2, 3, 47
Let z = 21122 - 17024. What are the prime factors of z?
2, 3, 683
Suppose 76*p - 64*p - 24 = 0. What are the prime factors of (-125)/(-5)*(-165)/(-3) + p?
3, 17
Let f be -2 - (-2 - 2) - 6/(-2). Suppose 66 = f*u - 824. List the prime factors of u.
2, 89
Suppose 0*y + 2*y - 10 = 0. Let s be ((-4 - -14)/10)/1. Suppose -w = -0*w + s, -y*w = x - 135. List the prime factors of x.
2, 5, 7
Let i = -156 + 369. Let r = -76 + i. What are the prime factors of r?
137
Let y = -28330 + 31527. List the prime factors of y.
23, 139
Let b(u) = -u**3 + 13*u**2 - 7*u - 7. Let t be b(12). Let h = t - 50. Suppose -h*f - 5*f + 1680 = 0. List the prime factors of f.
2, 3, 5, 7
What are the prime factors of (2/(-6))/(337656/112554 + -3)?
13, 37
Suppose 4*f + 3*q - 9139 = 0, 4568 = 2*f - 6*q + 8*q. What are the prime factors of f?
2287
Let i = -942 + 15451. What are the prime factors of i?
11, 1319
Let z(v) = 55*v**2 - 89*v - 198. What are the prime factors of z(-19)?
2, 3, 593
Let a(v) = -392*v + 223. What are the prime factors of a(-44)?
17471
Let h(t) = -12*t - 141. Let z be h(-13). Suppose z*n = 4025 + 7090. What are the prime factors of n?
3, 13, 19
Let c = 13546 - -4553. List the prime factors of c.
3, 2011
What are the prime factors of (2279209/(-1358) + (-1)/7)/(3/(-76))?
2, 3, 19, 373
Let j = -138 - -134. List the prime factors of 3/(j - (-1151)/287).
7, 41
Let k be (36/24)/((-1)/(-1524)) - -2. Suppose -2*q = -3*s - k, 5*s = 13 - 33. List the prime factors of q.
2, 569
Let l(x) = -x**3 - 4*x**2 + 5*x + 11. Let h be l(-5). Suppose -5*b = -5, u + h*b - 9 = 7*b. List the prime factors of u.
5
Let d = -4834 + 10914. What are the prime factors of d?
2, 5, 19
Suppose -388 = -3*r + 584. Let j = r + -209. What are the prime factors of (-4 - (-1 - 4))*3 + j?
2, 59
Let j(a) = 2294*a + 1051. List the prime factors of j(16).
3, 5, 839
Suppose -5*o + 4761 = 3*s, 0 = -2*o + o - 5*s + 961. Suppose -o = -5*n + 319. Suppose -14*u + 16*u = n. List the prime factors of u.
127
Let b(t) = t**3 + 25*t**2 + 1